*x, -g = x - 221. What is the tens digit of x?
2
Let u = -10 - -13. Suppose -4*c = -12, 0 = 2*m + 2*m + u*c - 209. What is the units digit of m?
0
Let x = 31 - -23. What is the tens digit of (21/2)/(57/x - 1)?
8
Let q = 55 + -39. Suppose 4*d + w = 2 - q, -2*w = 4*d + 12. What is the tens digit of (32/(-24))/(d/54)?
1
Let t be (-15)/(-2)*4/(-3). Let j = t - -41. What is the units digit of j?
1
Suppose 4*v - 5*y + 23 = -0*v, 3 = -3*v - y. What is the tens digit of (-2 - -3)*(v + 124)?
2
Suppose w = -2*f, -w + 2 = -3*f - 2*w. Let d be (8/f + 0)/(-1). Suppose d*l + 64 = 6*l. What is the tens digit of l?
3
Let a be -1 - (-235 + 1 - 1). Let f = -156 + a. What is the tens digit of f?
7
What is the units digit of (2/(8/(-303)))/((-60)/1040)?
3
Let j = -103 + 94. What is the tens digit of (1 - 0)/((-4448)/(-494) + j)?
4
Let z = 399 - 247. Let u = -58 + z. What is the units digit of u?
4
Let d = -22 - -22. Suppose -4*f + 12 + 232 = d. What is the tens digit of f?
6
Let t(j) = -3*j**3 + 2 + 4*j**3 - 2*j**2 + 26*j - 6 - 30*j. Let h be t(4). Let f = 1 + h. What is the units digit of f?
3
Suppose 0*l + l = -1. What is the units digit of 4*(l - 61/(-2))?
8
Suppose -3*u + 1024 = -2*a, -3*u + 1694 = 2*u + 3*a. What is the tens digit of 5/(-15) + 3/(9/u)?
1
Suppose 0 = -4*v - 5*b + 61, -4*v + 0*b - 3*b = -51. Suppose -4*g - 3*r = -v, g = -g - 3*r + 9. Suppose 5*c - 180 = -g*c. What is the tens digit of c?
3
Suppose 3*g + 70*s = 68*s + 223, 5*s - 70 = -g. What is the units digit of g?
5
Suppose -30 = 3*h - 0. Let k(c) = 2*c**2 + 8*c + 8. What is the units digit of k(h)?
8
Suppose 4*p - 10 = 6. Let m be (3 - 4)/((-2)/p). What is the units digit of (m/3)/((-2)/(-27))?
9
Let k = 368 + -279. What is the units digit of k?
9
Let b(l) = -l**2 - 22*l - 13. Let u be 1*-19 + (-3 - -6). What is the tens digit of b(u)?
8
Suppose 0 = 4*w - 3*g - 1984, -2*w + 4*g + 190 + 802 = 0. Suppose -5*h - k + w = -0*h, -2*k + 2 = 0. What is the tens digit of h?
9
What is the tens digit of (-5 - -1)/((-150)/109275)?
1
Let h(f) = f**3 - f**2 + 31. Let q be h(0). Suppose -q = -2*j + 31. Suppose 5*n = 14 + j. What is the units digit of n?
9
Let a be (-6 - -3)/((-4)/4). Suppose 957 = a*x + 294. What is the units digit of x?
1
Let g(k) be the third derivative of k**4/6 - 20*k**3/3 - 14*k**2. What is the units digit of g(19)?
6
Suppose 0*w + 3*y = w - 1189, -2*y - 5880 = -5*w. What is the thousands digit of w?
1
Suppose 0 = 8*c - 6*c. Suppose -2*x = -6*x - 2*n + 68, -5*x - 4*n + 82 = c. What is the tens digit of x?
1
Suppose 0 = -17*u + 15*u + 408. Suppose -2*z = -128 - u. What is the units digit of z?
6
Suppose -7*l + 2*l = -3*h + 18, -l = -h + 4. Let g be (3 + -190)*(h - 0). What is the units digit of (-2958)/g + (-4)/(-22)?
6
Let k be (4/(-10))/((-3)/30). Suppose 0 = -0*v - k*v + 8. Suppose 5*d = v*u - 4*u + 45, -9 = -d + 4*u. What is the units digit of d?
9
Suppose -5*c + 6*r = 2*r + 99, 5*c + 4*r = -91. Let s(q) = -4*q + 1. Let z be s(7). Let p = c - z. What is the units digit of p?
8
Suppose -28203 = -15*k + 4632. What is the tens digit of k?
8
Let n be 1 + -1 - 0/(-3). Suppose 3*p - 4*a + 5 = a, n = p - 2*a + 3. Suppose p*o + v - 97 = 3*v, 2*o - v - 39 = 0. What is the tens digit of o?
1
Let h be (1088/(-6))/(2/21). Let n = 363 + -395. What is the tens digit of h/n - (-1)/2?
6
Let b(w) = -13*w - 5. Let a be b(-5). Suppose -o + a = -230. What is the units digit of o/14 - 24/(-84)?
1
Let s(p) = -44*p + 18. What is the tens digit of s(-7)?
2
Let i = -12 + -6. Let j be 4 - i/4*-2. Let r = 8 - j. What is the tens digit of r?
1
What is the thousands digit of 76344/36 - 10/15?
2
Let u(m) = -2*m**2 - m**3 - 16*m**2 - 20*m + 2399 - 2387. What is the tens digit of u(-17)?
6
Let v(l) = -l**2 + 39*l + 4442. What is the thousands digit of v(0)?
4
Let y(f) = -f**3 + 5*f**2 + f + 1. Let h be y(5). Let b = h - 21. Let t = -7 - b. What is the units digit of t?
8
Suppose 0 = -3*t + 2*g + 7 + 10, -t + 4*g = -9. Suppose 4*a - v = 393, -3*a + 119 = -t*v - 180. What is the units digit of a?
8
Suppose 4*p - 12 = 3*s, -5*s - 6 = -5*p + 9. Let b be s*(-2)/4 - -3. Suppose 0 = -b*d + 2*d + 17. What is the tens digit of d?
1
Let f = 1494 + -201. What is the thousands digit of f?
1
Let p be 3/(0 - -1) + -2. Let t = -1 + p. Suppose 1 = m, 2*d + t*m + m = 33. What is the tens digit of d?
1
Let k be 2/2*(-8 - -7) - 103. Let v = k + 120. What is the units digit of v?
6
Let c = -12 + 14. Suppose 10 = c*p - 0*p. Suppose p*t = -3*x + 119, 4*t - 2*x - 110 = 3*x. What is the tens digit of t?
2
Suppose -u + 7 - 32 = -4*n, -9 = -3*n + 4*u. Let j(b) = b**3 - 8*b**2 + 6*b + 10. Let s be j(n). What is the units digit of 7 - -2*s/(-3)?
5
Let m(w) = -w**3 + 3*w**2 - 4*w + 3. Let s be m(2). What is the tens digit of 26 + s - 4 - -1?
2
Let k(x) = x**3 + 9*x**2 - 10*x + 11. Let z be 15/10*(-4)/(-3). Suppose -13 = z*f + 7. What is the units digit of k(f)?
1
Let g(q) = -35*q - 8. Let j be g(5). Let u = -87 - j. What is the units digit of u?
6
Let x(c) = 5*c**2 - 12*c + 122. What is the hundreds digit of x(11)?
5
Suppose -5*b - 695 = -8*b - 5*h, b = h + 245. What is the hundreds digit of b?
2
Let x = 11 - 38. Let f be (-3)/2 + x/(-6). Suppose -i = -4 - f. What is the units digit of i?
7
Suppose 0 = 17*q - 7*q - 30. Suppose 0*b - 3*h - 36 = -q*b, -2*h = 8. What is the units digit of b?
8
What is the thousands digit of (-21)/3 - -7 - 3*-697?
2
Suppose 52*r - 124 = 51*r. What is the tens digit of r?
2
Suppose 40*v + 6412 = 47*v. What is the tens digit of v?
1
Suppose -6*o - 9*o - 75 = 0. What is the hundreds digit of 2 + (4 - -11)/o - -349?
3
Suppose -16 = 2*o - 5*r, -3*r - 38 = 3*o + 7. Let b(y) = -6 - 1 - 3*y - 7. What is the tens digit of b(o)?
2
Suppose -3*v = -3*u, 4*u - 12 = 3*u - 3*v. Suppose u*w + 0*d = -d - 151, 2*d = -w - 52. What is the units digit of w/(-6) + (-12)/(-18)?
9
What is the hundreds digit of -2 + 0 + 611 - -1?
6
Suppose -3*x + 7 = -8. Suppose 0 = -x*l + 2*r + 96, 5*l + 2*r - 55 = 29. What is the units digit of l?
8
Suppose 0 = -4*z + b + 30, -z + 26 = 3*z - 3*b. Suppose z*s - 9 - 31 = 0. What is the units digit of s?
5
Let h = 998 - 910. What is the tens digit of h?
8
Let m(d) = d**2 - 15*d + 19. Let b be m(14). Suppose 0*k + 270 = b*k. What is the tens digit of k?
5
Suppose -1019 + 1124 = 3*o. What is the tens digit of o?
3
Suppose 0 = -10*l + 3*l + 161. Suppose -5*q = -3*p - l, 0*p - q - 5 = p. What is the tens digit of -111*1/p*2?
3
What is the hundreds digit of (-20825)/(-42) + (-2)/(-12) + -4?
4
What is the hundreds digit of 9 + 66*(11 - -7)?
1
Let w(s) = -29*s - 57. What is the units digit of w(-9)?
4
Let n(t) = t**3 - 7*t**2 + 7*t - 3. Let m be n(6). Suppose -m*o - 12 = o. Let z(k) = -4*k - 1. What is the units digit of z(o)?
1
Let z be -3*1 + 10/25*5. Let j = 80 + z. What is the tens digit of j?
7
Let h = 94 - 35. Let z = h - 36. Suppose 4*w - z = 25. What is the units digit of w?
2
Suppose 27 = 5*w + h, 18 = 5*w - 3*h - 1. Let a be ((-2)/w)/((-2)/530). Suppose 3*x = 4*n + x - 112, 0 = 4*n + x - a. What is the units digit of n?
7
Suppose -4 - 6 = -2*h. Let w be 1 + (-19 - (h + -3)). What is the units digit of (w/(-6))/((-2)/(-3))?
5
Let t(r) = -r - 6. Let g be t(-8). Suppose -g*o + 25 = -13. What is the units digit of o?
9
Suppose -2*h - 5*a = -2064, 2*h = -4*a + 1995 + 69. What is the units digit of h?
2
Let y = 125 + -115. Suppose x - y*x + 2322 = 0. What is the tens digit of x?
5
Suppose 0 = 4*c + 12, -3*c - 849 = -4*a - 0*c. What is the tens digit of a?
1
Suppose 2*c + 3*b + b = 100, 200 = 4*c + 2*b. Let a = 82 - c. What is the tens digit of a?
3
Suppose -5*f - 1691 = -2*l - 10*f, f - 4216 = -5*l. What is the units digit of l?
3
Let i = 3941 + -1670. What is the tens digit of i?
7
Let p = -44 + 24. Let w = p - -36. Let q = w + 43. What is the units digit of q?
9
Suppose -3349 = -5*w + 5*o - 6*o, 3*o + 3 = 0. What is the units digit of w?
0
Let n(w) = -181*w**3. Let v be n(1). Let u = v - -35. Let c = -98 - u. What is the tens digit of c?
4
Suppose w - 2*w + 1 = 0. Let a(b) = -5*b**3 + 6*b**3 + 8*b**2 - 17*b - w - 1. What is the units digit of a(-9)?
0
Let g(q) be the first derivative of q**4/4 - q**3/3 + 52*q + 16. What is the tens digit of g(0)?
5
Suppose -4*j + 16 = -4*p, -5*j + 0*j - p = -14. Sup